[INFO] cloning repository https://github.com/Realtin/show_me_the_sparkle
[INFO] running `Command { std: "git" "-c" "credential.helper=" "-c" "credential.helper=/workspace/cargo-home/bin/git-credential-null" "clone" "--bare" "https://github.com/Realtin/show_me_the_sparkle" "/workspace/cache/git-repos/https%3A%2F%2Fgithub.com%2FRealtin%2Fshow_me_the_sparkle", kill_on_drop: false }`
[INFO] [stderr] Cloning into bare repository '/workspace/cache/git-repos/https%3A%2F%2Fgithub.com%2FRealtin%2Fshow_me_the_sparkle'...
[INFO] running `Command { std: "git" "rev-parse" "HEAD", kill_on_drop: false }`
[INFO] [stdout] c7a43778d549018c9e85c8000daa28e818b1615b
[INFO] checking Realtin/show_me_the_sparkle against master#af3c6e733a40e671550e0f0f5aeecaa13772ba56 for pr-74989
[INFO] running `Command { std: "git" "clone" "/workspace/cache/git-repos/https%3A%2F%2Fgithub.com%2FRealtin%2Fshow_me_the_sparkle" "/workspace/builds/worker-4/source", kill_on_drop: false }`
[INFO] [stderr] Cloning into '/workspace/builds/worker-4/source'...
[INFO] [stderr] done.
[INFO] validating manifest of git repo https://github.com/Realtin/show_me_the_sparkle on toolchain af3c6e733a40e671550e0f0f5aeecaa13772ba56
[INFO] running `Command { std: "/workspace/cargo-home/bin/cargo" "+af3c6e733a40e671550e0f0f5aeecaa13772ba56" "read-manifest" "--manifest-path" "Cargo.toml", kill_on_drop: false }`
[INFO] started tweaking git repo https://github.com/Realtin/show_me_the_sparkle
[INFO] finished tweaking git repo https://github.com/Realtin/show_me_the_sparkle
[INFO] tweaked toml for git repo https://github.com/Realtin/show_me_the_sparkle written to /workspace/builds/worker-4/source/Cargo.toml
[INFO] crate git repo https://github.com/Realtin/show_me_the_sparkle already has a lockfile, it will not be regenerated
[INFO] running `Command { std: "/workspace/cargo-home/bin/cargo" "+af3c6e733a40e671550e0f0f5aeecaa13772ba56" "fetch" "--locked" "--manifest-path" "Cargo.toml", kill_on_drop: false }`
[INFO] running `Command { std: "docker" "create" "-v" "/var/lib/crater-agent-workspace/builds/worker-4/target:/opt/rustwide/target:rw,Z" "-v" "/var/lib/crater-agent-workspace/builds/worker-4/source:/opt/rustwide/workdir:ro,Z" "-v" "/var/lib/crater-agent-workspace/cargo-home:/opt/rustwide/cargo-home:ro,Z" "-v" "/var/lib/crater-agent-workspace/rustup-home:/opt/rustwide/rustup-home:ro,Z" "-e" "SOURCE_DIR=/opt/rustwide/workdir" "-e" "CARGO_TARGET_DIR=/opt/rustwide/target" "-e" "CARGO_HOME=/opt/rustwide/cargo-home" "-e" "RUSTUP_HOME=/opt/rustwide/rustup-home" "-w" "/opt/rustwide/workdir" "-m" "1610612736" "--user" "0:0" "--network" "none" "rustops/crates-build-env@sha256:d92eaeed33fa75130ca1ee6c8a01d1ffb62bac859dfdfb3450e3e5d1c0146529" "/opt/rustwide/cargo-home/bin/cargo" "+af3c6e733a40e671550e0f0f5aeecaa13772ba56" "metadata" "--no-deps" "--format-version=1", kill_on_drop: false }`
[INFO] [stdout] 4b918e4899c90c392c57246787d2aae76806cafd3b7f6ddb6395d0ce5809bbcc
[INFO] [stderr] WARNING: Your kernel does not support swap limit capabilities or the cgroup is not mounted. Memory limited without swap.
[INFO] running `Command { std: "docker" "start" "-a" "4b918e4899c90c392c57246787d2aae76806cafd3b7f6ddb6395d0ce5809bbcc", kill_on_drop: false }`
[INFO] running `Command { std: "docker" "inspect" "4b918e4899c90c392c57246787d2aae76806cafd3b7f6ddb6395d0ce5809bbcc", kill_on_drop: false }`
[INFO] running `Command { std: "docker" "rm" "-f" "4b918e4899c90c392c57246787d2aae76806cafd3b7f6ddb6395d0ce5809bbcc", kill_on_drop: false }`
[INFO] [stdout] 4b918e4899c90c392c57246787d2aae76806cafd3b7f6ddb6395d0ce5809bbcc
[INFO] running `Command { std: "docker" "create" "-v" "/var/lib/crater-agent-workspace/builds/worker-4/target:/opt/rustwide/target:rw,Z" "-v" "/var/lib/crater-agent-workspace/builds/worker-4/source:/opt/rustwide/workdir:ro,Z" "-v" "/var/lib/crater-agent-workspace/cargo-home:/opt/rustwide/cargo-home:ro,Z" "-v" "/var/lib/crater-agent-workspace/rustup-home:/opt/rustwide/rustup-home:ro,Z" "-e" "SOURCE_DIR=/opt/rustwide/workdir" "-e" "CARGO_TARGET_DIR=/opt/rustwide/target" "-e" "CARGO_INCREMENTAL=0" "-e" "RUST_BACKTRACE=full" "-e" "RUSTFLAGS=--cap-lints=forbid" "-e" "CARGO_HOME=/opt/rustwide/cargo-home" "-e" "RUSTUP_HOME=/opt/rustwide/rustup-home" "-w" "/opt/rustwide/workdir" "-m" "1610612736" "--user" "0:0" "--network" "none" "rustops/crates-build-env@sha256:d92eaeed33fa75130ca1ee6c8a01d1ffb62bac859dfdfb3450e3e5d1c0146529" "/opt/rustwide/cargo-home/bin/cargo" "+af3c6e733a40e671550e0f0f5aeecaa13772ba56" "check" "--frozen" "--all" "--all-targets" "--message-format=json", kill_on_drop: false }`
[INFO] [stderr] WARNING: Your kernel does not support swap limit capabilities or the cgroup is not mounted. Memory limited without swap.
[INFO] [stdout] 0548a0d338bd62c44236d55b29f6c3b4bc38723716da3829410175d0a2a400f6
[INFO] running `Command { std: "docker" "start" "-a" "0548a0d338bd62c44236d55b29f6c3b4bc38723716da3829410175d0a2a400f6", kill_on_drop: false }`
[INFO] [stderr]     Checking show_me_the_sparkle v0.0.1 (/opt/rustwide/workdir)
[INFO] [stdout] error[E0432]: unresolved import `std::old_io`
[INFO] [stdout]  --> src/main.rs:1:10
[INFO] [stdout]   |
[INFO] [stdout] 1 | use std::old_io::File;
[INFO] [stdout]   |          ^^^^^^ could not find `old_io` in `std`
[INFO] [stdout] 
[INFO] [stdout] 
[INFO] [stdout] error[E0432]: unresolved import `std::old_io`
[INFO] [stdout]  --> src/main.rs:1:10
[INFO] [stdout]   |
[INFO] [stdout] 1 | use std::old_io::File;
[INFO] [stdout]   |          ^^^^^^ could not find `old_io` in `std`
[INFO] [stdout] 
[INFO] [stdout] 
[INFO] [stdout] error[E0432]: unresolved import `std::rand`
[INFO] [stdout]  --> src/main.rs:2:10
[INFO] [stdout]   |
[INFO] [stdout] 2 | use std::rand::random;
[INFO] [stdout]   |          ^^^^ could not find `rand` in `std`
[INFO] [stdout] 
[INFO] [stdout] 
[INFO] [stdout] error[E0432]: unresolved import `std::rand`
[INFO] [stdout]  --> src/main.rs:3:10
[INFO] [stdout]   |
[INFO] [stdout] 3 | use std::rand::{thread_rng, Rng};
[INFO] [stdout]   |          ^^^^ could not find `rand` in `std`
[INFO] [stdout] 
[INFO] [stdout] 
[INFO] [stdout] error[E0433]: failed to resolve: use of undeclared type or module `Path`
[INFO] [stdout]  --> src/main.rs:9:16
[INFO] [stdout]   |
[INFO] [stdout] 9 |     let path = Path::new("list.txt");
[INFO] [stdout]   |                ^^^^ not found in this scope
[INFO] [stdout]   |
[INFO] [stdout] help: consider importing this struct
[INFO] [stdout]   |
[INFO] [stdout] 1 | use std::path::Path;
[INFO] [stdout]   |
[INFO] [stdout] 
[INFO] [stdout] 
[INFO] [stdout] error[E0432]: unresolved import `std::rand`
[INFO] [stdout]  --> src/main.rs:2:10
[INFO] [stdout]   |
[INFO] [stdout] 2 | use std::rand::random;
[INFO] [stdout]   |          ^^^^ could not find `rand` in `std`
[INFO] [stdout] 
[INFO] [stdout] 
[INFO] [stdout] error[E0432]: unresolved import `std::rand`
[INFO] [stdout]  --> src/main.rs:3:10
[INFO] [stdout]   |
[INFO] [stdout] 3 | use std::rand::{thread_rng, Rng};
[INFO] [stdout]   |          ^^^^ could not find `rand` in `std`
[INFO] [stdout] 
[INFO] [stdout] 
[INFO] [stdout] error[E0433]: failed to resolve: use of undeclared type or module `Path`
[INFO] [stdout]  --> src/main.rs:9:16
[INFO] [stdout]   |
[INFO] [stdout] 9 |     let path = Path::new("list.txt");
[INFO] [stdout]   |                ^^^^ not found in this scope
[INFO] [stdout]   |
[INFO] [stdout] help: consider importing this struct
[INFO] [stdout]   |
[INFO] [stdout] 1 | use std::path::Path;
[INFO] [stdout]   |
[INFO] [stdout] 
[INFO] [stdout] 
[INFO] [stdout] warning: use of deprecated associated function `core::str::<impl str>::lines_any`: use lines() instead now
[INFO] [stdout]   --> src/main.rs:20:25
[INFO] [stdout]    |
[INFO] [stdout] 20 |     for line in filestr.lines_any() {
[INFO] [stdout]    |                         ^^^^^^^^^
[INFO] [stdout]    |
[INFO] [stdout]    = note: `#[warn(deprecated)]` on by default
[INFO] [stdout] 
[INFO] [stdout] 
[INFO] [stdout] error: aborting due to 4 previous errors; 1 warning emitted
[INFO] [stdout] 
[INFO] [stdout] 
[INFO] [stdout] Some errors have detailed explanations: E0432, E0433.
[INFO] [stdout] 
[INFO] [stdout] For more information about an error, try `rustc --explain E0432`.
[INFO] [stdout] 
[INFO] [stdout] warning: use of deprecated associated function `core::str::<impl str>::lines_any`: use lines() instead now
[INFO] [stdout]   --> src/main.rs:20:25
[INFO] [stdout]    |
[INFO] [stdout] 20 |     for line in filestr.lines_any() {
[INFO] [stdout]    |                         ^^^^^^^^^
[INFO] [stdout]    |
[INFO] [stdout]    = note: `#[warn(deprecated)]` on by default
[INFO] [stdout] 
[INFO] [stdout] 
[INFO] [stderr] error: could not compile `show_me_the_sparkle`.
[INFO] [stderr] 
[INFO] [stderr] To learn more, run the command again with --verbose.
[INFO] [stderr] warning: build failed, waiting for other jobs to finish...
[INFO] [stdout] error: aborting due to 4 previous errors; 1 warning emitted
[INFO] [stdout] 
[INFO] [stdout] 
[INFO] [stderr] error: build failed
[INFO] [stdout] Some errors have detailed explanations: E0432, E0433.
[INFO] [stdout] 
[INFO] [stdout] For more information about an error, try `rustc --explain E0432`.
[INFO] [stdout] 
[INFO] running `Command { std: "docker" "inspect" "0548a0d338bd62c44236d55b29f6c3b4bc38723716da3829410175d0a2a400f6", kill_on_drop: false }`
[INFO] running `Command { std: "docker" "rm" "-f" "0548a0d338bd62c44236d55b29f6c3b4bc38723716da3829410175d0a2a400f6", kill_on_drop: false }`
[INFO] [stdout] 0548a0d338bd62c44236d55b29f6c3b4bc38723716da3829410175d0a2a400f6
